t c be 123/9 - q/(-6). Calculate the greatest common factor of 35 and c.
7
Let o(k) = 168*k**2 + k - 1. Let x be o(1). Let b be (1 - 33/12)*-12. Calculate the highest common factor of x and b.
21
Let g be (1/(-4))/(3/(-12)). What is the greatest common divisor of 10 and g?
1
Suppose 4*j = 2*p - 30, 5*p - 4*j - 52 = p. What is the highest common factor of p and 209?
11
Suppose -3*n = -5*j - n + 128, 0 = n + 4. Let f = -2 + 8. What is the highest common factor of f and j?
6
Suppose 0*t = -4*t + 3*l + 156, 3*t - 124 = 4*l. What is the highest common factor of 12 and t?
12
Let x be -2 - ((1 - -1) + -10). Let f(k) = k**2 + 2*k. Let c be f(x). Let t(p) = p + 27. Let m be t(-11). Calculate the greatest common factor of c and m.
16
Let f(l) = -7*l. Let u be f(-3). What is the greatest common divisor of u and 14?
7
Let h(l) = -l + 42. Let a be h(22). Calculate the greatest common divisor of 30 and a.
10
Let p = 28 - 20. What is the highest common divisor of 80 and p?
8
Let g be (-1)/2 + (-57)/(-2). Let w be (-1)/4 - 133/(-4). Suppose 0 = -3*j - 4*t + w, -2*j - 4*t + 16 = -10. Calculate the greatest common factor of j and g.
7
Suppose o = 1 + 10. Suppose -1755 = -2*l - 545. Suppose 8*z - 3*z = l. Calculate the greatest common factor of z and o.
11
Suppose 0 = -8*i + 5*i + v + 10, i - 4*v = 7. What is the greatest common divisor of 6 and i?
3
Suppose -3*c = 5*j - 339, 4*c - 78 = -j - 0*j. What is the highest common factor of 6 and j?
6
Let b(j) = 11*j**2 + 5 - 2*j**2 - 4. Let n be b(-1). Let w = 1 - -4. What is the greatest common factor of n and w?
5
Let z be 3/(-15)*-6*30. Calculate the greatest common factor of z and 9.
9
Suppose -x - 4*x + 605 = 0. Let d be (-330)/40*4/(-3). Calculate the greatest common divisor of d and x.
11
Let i = 21 - 17. What is the highest common factor of i and 16?
4
Let g = -104 - -286. Calculate the highest common factor of g and 26.
26
Let p(b) = b**2 - 4. Let y be p(-3). Let d = y - 5. Suppose d = -4*j + 28 + 4. What is the greatest common factor of 56 and j?
8
Let x(m) = 3*m**2 + m - 2. Let d be x(-4). Calculate the greatest common divisor of 28 and d.
14
Let w(t) = -11*t + 11. Let r(x) = -4*x + 4. Let y(z) = -8*r(z) + 3*w(z). Let g be y(-3). What is the highest common factor of 16 and g?
4
Let a(w) = -3*w - 4. Let t be a(-12). Suppose t = 5*k - 3*k. Calculate the highest common factor of 80 and k.
16
Suppose -4*x = -0*x + 2*u - 362, 0 = 3*x - 3*u - 249. Suppose 2*j - x + 8 = 0. Calculate the greatest common factor of j and 60.
20
Let q be (0 - -2) + 61/1. Let z = -7 - -15. Let b be (-70)/(-8) - (-2)/z. Calculate the greatest common divisor of b and q.
9
Suppose -220 = -2*l - 0*l. Calculate the greatest common factor of 22 and l.
22
Suppose -6*k + 125 - 5 = 0. Calculate the highest common divisor of 10 and k.
10
Suppose 0 = -i + y + 20, 0*i + y = 2*i - 42. Suppose 2*k - i = -0*k. What is the highest common factor of 1 and k?
1
Let a be 78/66 - -2*(-2)/22. Calculate the greatest common factor of a and 5.
1
Let i(n) = 28*n**2 - n - 2. Let h be i(-2). Let m be h/5 - (-4)/(-10). Calculate the highest common factor of 44 and m.
22
Suppose 6*d - 113 + 5 = 0. What is the highest common factor of d and 18?
18
Suppose 67 = 5*l - 4*q, 5*l - 6*l + 17 = q. Suppose 2*d + 2*a - 5*a - 228 = 0, -344 = -3*d + 4*a. Calculate the greatest common factor of d and l.
15
Let x(d) = -4*d. Suppose -4*l = 6 + 18. Let u be x(l). What is the highest common divisor of u and 12?
12
Suppose 0 = 5*d - 3*t - 15, 0*d - t = -2*d + 7. Suppose 0*w - w = -5*x - 14, 3*x = -6. Suppose l = w*l - 54. What is the highest common divisor of d and l?
6
Let w be ((-5)/(-10)*-6)/(-3). Calculate the greatest common divisor of w and 11.
1
Let k be (27*-1)/(1/2). Let c = k - -84. Let i = 0 + 3. Calculate the highest common factor of i and c.
3
Suppose 0 = -0*j - 3*j + 12. What is the greatest common factor of 36 and j?
4
Suppose -4*u = 2*z - 18, 5*u = -2*z - 0*z + 17. What is the greatest common divisor of z and 11?
11
Let r = -48 - -104. What is the greatest common factor of 14 and r?
14
Let v(m) = m - 15. Let y be v(12). Let j be 209/3 + (-1)/y. What is the highest common divisor of 14 and j?
14
Suppose 0 = 3*x - 6*x + 9. Let k = 8 + x. Suppose 2*a - 5*s + k = a, -2*a = 3*s - 43. What is the greatest common divisor of a and 126?
14
Let d be ((-1)/(-1) - 2) + 27. Suppose -3*z - d = -209. Suppose 59 = 2*q - z. Calculate the greatest common factor of q and 12.
12
Let p be (-2)/2 + (-2 - -19). Let a = -9 + p. What is the greatest common divisor of 35 and a?
7
Let s be ((-4)/8)/((-2)/(-12)). Let k be 34 + (-6)/(-2) - s. What is the greatest common factor of 16 and k?
8
Let t(r) = 12*r**3 - r**2 + 2*r - 1. Let i be t(1). Calculate the highest common divisor of i and 6.
6
Suppose 6*m - 137 - 145 = 0. What is the highest common divisor of m and 517?
47
Let g(z) = 2*z**2 + 10*z + 2. Let h be g(-5). What is the greatest common factor of 2 and h?
2
Let h = 48 + -47. Suppose -5*b - 5*d = -25, -b - d + 3*d = 7. Let t = 2 - b. Calculate the highest common factor of t and h.
1
Let s(a) = -a**2 - 3*a - 4. Let o be s(-5). Let w = o + 41. Calculate the greatest common divisor of 3 and w.
3
Suppose 2*x + 10 = 0, 2*f - 3 = -4*x + 45. What is the greatest common divisor of f and 374?
34
Suppose -5*m = -4*f + 19, 5*m = -18 + 3. What is the highest common divisor of 7 and f?
1
Let o = -96 + 101. What is the greatest common divisor of 45 and o?
5
Suppose 13*n = 6*n + 56. Calculate the highest common factor of 128 and n.
8
Let x(i) = i - 3. Let h be x(5). Suppose -3*l = -3*t - 192, -l - h*t + 72 = -5*t. Calculate the highest common factor of l and 24.
12
Let j = 18 + -10. Suppose 3*a = 2*o - 29, -3*a = 4*o - 39 + j. Suppose -5*c + 10 = 5*l, 4*c = 3*l - 4 - 16. What is the highest common divisor of o and l?
2
Let f(b) = -b**2 - 3*b + 1. Let t be f(-2). Suppose -3*a = 5*q - 16, -3*a - 24 = -t*q - 0*a. Calculate the highest common factor of 45 and q.
5
Let j be (84/10)/((-12)/(-40)). Calculate the highest common factor of j and 42.
14
Let y(a) = 3*a**2 - 2*a + a + 4 - a**2. Let g be y(7). Suppose 0 = 3*k + 23 - g. Calculate the highest common divisor of 3 and k.
3
Suppose p + 2*p - 47 = -5*h, 5*h - 4*p = 54. What is the highest common divisor of 2 and h?
2
Let z = -7 + 13. Calculate the highest common divisor of 54 and z.
6
Let s be 8*1/2*2. Let r be (-640)/5*(-6)/s. Suppose -3*b - q + 31 = 0, -4*q + q = 4*b - 33. Calculate the greatest common factor of r and b.
12
Let n(t) = -24*t + 8. Let z be n(-4). What is the highest common factor of 13 and z?
13
Let r(q) = q + 8. Let z be r(6). Let s be (-27 + -1)/(12/(-42)). What is the highest common divisor of z and s?
14
Let j(o) be the first derivative of -o**4/4 + 7*o**3/3 - 3*o**2 + 1. Let n be j(4). Let a be 54/7 + (-8)/(-28). Calculate the highest common divisor of n and a.
8
Let u(g) = -2*g**3 - 4*g**2 + 3*g + 2. Let f(b) = -b**2 - 11*b - 14. Let w be f(-10). Let t be u(w). Calculate the greatest common factor of t and 18.
18
Let y = -24 + 35. Calculate the highest common divisor of y and 110.
11
Let c be 2/(-6*1/(-231)). Calculate the highest common divisor of c and 11.
11
Let j be ((-1 - -6) + 1)*1. Suppose -12 = -3*n - 3. Suppose 0 = n*c + 2*c - 15. What is the greatest common divisor of j and c?
3
Let d = -18 - -29. Let n(k) = 89*k**2 + 2*k + 1. Let o be n(-1). What is the greatest common factor of d and o?
11
Suppose 3*d - 18 = -0. Suppose -a - d = -3. Let f = 0 - a. What is the greatest common divisor of f and 3?
3
Let r be 2/((-3)/(-120)*4). Calculate the highest common factor of 8 and r.
4
Suppose r - 18 = 8. Suppose 15 = 5*t - h - 32, -4*h - r = -2*t. Let o be 4/(-12)*(-8 + -1). Calculate the greatest common divisor of o and t.
3
Suppose -46 = -3*b - 2*i, b + 0*i - 4*i = -8. What is the greatest common factor of b and 108?
12
Suppose g - 6 = -2*p + 5*p, 3*g - 33 = 4*p. Suppose 4*u = 2*h + 2, h + 2*u + 24 = -3*h. Let l be (-18)/12*14*h. What is the highest common divisor of g and l?
15
Suppose -3*y - 3*c + 33 = 0, -5*y + 5*c + 6 = -69. Suppose -2 - 16 = 3*r. Let t = 58 + r. What is the highest common factor of t and y?
13
Let s(r) = 3*r - 15. Let v be s(11). Calculate the highest common divisor of v and 6.
6
Let p(g) = -2*g + 2. Let y